5 + -69.
-72
What is -8 - (0 - (12 + -1 - (-100 - -101) - 1))?
1
What is the value of -3 - (2 + -5) - (-35 - -9)?
26
11 + (18 - (-2 + -2) - 6)
27
What is 62 + (-30 - (4 - 34) - (-5 - -10 - -5))?
52
8 + (-12 + 4 - 10) - (-6 + 1 + -6)
1
Calculate -1 + 58 - ((-21 - (20 - 54)) + -18).
62
-225 - (-20 - (-36 - -123))
-118
What is 357 + -365 + (3 - 6 - (40 - 0 - 0))?
-51
Evaluate 75 + (44 - (-32 - -93)).
58
Calculate 24 + (-12 - (9 - ((-11 - -9) + 10))).
11
What is (-63 + 93 - 191) + 79?
-82
What is the value of (2467 - 2483) + 1 + 25?
10
(-703 - -814) + -58 + -8
45
(54 - 1) + -9032 + 9034
55
What is the value of -10 + (-5 - -7) + 41 + (-24 - -9)?
18
Evaluate -2 + -22 + (43 - (10 + 29)).
-20
What is the value of -81 + 121 - (-1 - -24 - 4)?
21
What is -2 + (3 - -3) - (42 + -30) - -51?
43
What is the value of -4 - 83 - (-2 - 5) - (3 + (16 - 27))?
-72
130 - (-87 - (-173 - -80))
124
Calculate -66 + (6 + (34 - 13) + -18 - (4 - -5)).
-66
Calculate 15 + 2 - -5 - ((-23 - -30) + 29 + -26).
12
What is the value of -71 + 18 + -9 + 61?
-1
64 - 80 - (-15 + -30)
29
What is 28 + (-87 - (-4 - 40))?
-15
Calculate -2 + (91 - 42 - 38).
9
Calculate -33 - ((-2 - 5) + -197 + 139).
32
What is -24 + 13 + 1 + 40 + 6?
36
Evaluate (121 - 218) + (-6 - -13) + -9 - -19.
-80
What is the value of 24 + (28 - 42 - 26)?
-16
What is -19 + 44 + -14 + 2 + 4 + -4 + 2?
15
(1 - (1 - 5)) + (-19 - 73 - -110)
23
What is (23 + -32 - 24) + 47 + (-37 + -2 - 2)?
-27
What is -115 - (24 - 10) - -17 - (-45 - -26)?
-93
Evaluate (6 - -8) + (6 + -11 - 8) - -44.
45
Evaluate (-10 + 8 - (-4 - (7 - 2))) + (-262 - -284).
29
Calculate (-3 - 6) + -3 + 32 + -60.
-40
-5 - (-16 - -7 - -4) - 45
-45
Calculate -36 + 58 + -119 + 54.
-43
What is the value of (-1 - -10) + -35 + 99 + (198 - 193)?
78
Evaluate -4 + 17 + -1 + (70 - (-107 - -174)).
15
Calculate 1 + 1 + -35 - (60 - 158 - -85).
-20
Evaluate -74 + 5 + 67 + (-5 - (70 + 3 + -2)).
-78
What is the value of (16 - 15) + -13 + 6 + -15 + 74?
53
Evaluate -165 - -191 - (-11 - -1) - -4.
40
-17 + (-2 + (-19 - -30) - 2) - 37
-47
Evaluate (7 - -6 - (-2 + -13 - -22)) + 9.
15
Calculate -11 + (-74 - -80) + 18.
13
What is -3 + -18 + (48 - (-1 + 0))?
28
Calculate (-68 - -15) + 87 - 51.
-17
What is 33 + -75 - -104 - 7?
55
What is (-10 - -9) + 0 - (71 + -39)?
-33
Evaluate 2 + 131 - (262 - 447 - -226).
92
24 + (-1 - (10 - (4 + 9))) + -4 + 10
32
Calculate 102 + 2 - 2 - 26.
76
What is (9 - 21) + -3 - (96 + -95)?
-16
Calculate 16 - -7 - 3 - (6 - (-11 - -15)).
18
Evaluate (93 - (217 + -95)) + (0 - -25).
-4
What is (-2 - (-8 - 2)) + -7 + (-7 - 39)?
-45
Evaluate 2 + -39 + 57 + (1 - 2).
19
Evaluate 29 + 9 + (7 - 11) - (4 + -14).
44
What is the value of (-71 - -40) + -46 + -5 + -18?
-100
What is (-58 - -79) + -60 + -33?
-72
What is (5 - -44) + (27 - (21 - 3))?
58
Evaluate 101 + (-95 - (-93 - -14)).
85
Calculate (45 - -2) + 359 + -367.
39
Evaluate 10 - ((-76 - -32) + -15) - -20.
89
15 - (59 - (21 - (-9 + 50)))
-64
What is (10 - -9) + 94 + -79 + -27?
7
What is -26 - (-92 + 28) - 86?
-48
-12 + -12 + (7 - 41)
-58
What is the value of 11 - (-45 + -26 + -43 + 33)?
92
-41 + 58 + 47 + -99
-35
What is 61 - (-120 - -89 - -35)?
57
Calculate (-23 + 24 + -12 + 59 - 10) + -4.
34
Evaluate -53 - (-40 + 27 + -35).
-5
Evaluate -37 + (-17 + 0 - -17 - -3).
-34
Evaluate 105 + (-23 - (19 - (-9 + 73 + -16))).
111
What is the value of -40 + 1 + (30 + -30 - 24) + (22 - 9)?
-50
-20 + 59 + 51 + -41
49
-172 + 45 + 140 + (1 - -1) + -128
-113
What is the value of -23 + (-12 + 0 - (-152 - -144) - (0 + -8))?
-19
What is the value of (29 + -27 - 11) + -4 + 7?
-6
-31 - (16 - 59) - (-2 - (1 + -2))
13
Calculate 0 + -15 - ((-32 - -64) + -59 + 3).
9
Evaluate 11 + (-26 - (-12 + (9 - 11)) - -2).
1
Evaluate 76 - 8 - 63 - -6.
11
4 + -5 + (9 + -100 - 16) + (1 - -3)
-104
What is 6 + -6 + -6 - (-23 - -35 - (3 - 16))?
-31
What is the value of 200 + -208 - (-30 - 8)?
30
(2 + 0 - 3) + (409 - 445) - -4
-33
3 - (-8 + 6 + -6 + -259 + 330)
-60
Evaluate (-5 - (4 + -26)) + 84 + -164.
-63
Evaluate 102 - 3 - (-166 - -32 - -152).
81
(2 - -45) + 1073 + -1078
42
What is 26 + 3 + 6 + -34?
1
What is -40 + 4 + -8 + (-27 - (-7 - 25))?
-39
Calculate -14 + (9 - (6 - -4 - (3 + 15))).
3
Evaluate -13 - (36 + 0 + -27).
-22
What is the value of (-2 - -32 - 2) + (2740 - 2765)?
3
What is (33 - (-16 + 11)) + 98 + -123?
13
Evaluate -23 + 20 + -12 - (-5 - (5 + 116)).
111
Evaluate (-1265 - -1288) + (8 - 3).
28
Evaluate -55 + -80 + 56 + (-3 - (-1 - (9 - -1))).
-71
Evaluate 0 + -6 + 341 + -335 - -22 - (1 + -13).
34
Calculate 11 + (-46 + 14 + 19 - 6).
-8
Calculate -21 + 27 - (4 - (1 - 0 - -22)).
25
Evaluate (2 - 2 - 8) + (-236 - -233) + 11 - -64.
64
Evaluate -126 + 119 - (-8 - (-2 + 6 - 2)).
3
What is 20 + -5 + 32 - 68?
-21
Evaluate -7 + (57 - 18 - 59).
-27
What is (-13 - 1 - (-8 - (2 + -6))) + 12?
2
Evaluate 4 + -19 + (-3 + 5 + -3 - -11).
-5
What is 4 + (1 - 18) + 692 + -613?
66
Evaluate 33 + 38 + -45 + 4 + 13.
43
Calculate 66 + (-25 - 4) + 27 + -6.
58
Calculate 1 + 3 - -41 - (-2 + -2 + 2).
47
(60 - 11 - 17) + 11
43
What is -3 + (5 - (-14 - (-22 - -2)) - (-4 + -3))?
3
What is (7 - (2 + 12)) + -22 + 6?
-23
What is the value of 33 + (14 - 15) - 21 - (0 - -98)?
-87
What is the value of -34 + (59 - (50 + -2))?
-23
Evaluate 39 - -1 - ((2 - 3) + -8 + 6).
43
0 + 50 - (96 + -175 + 93)
36
-8 + 4 + 26 + -2137 + 2151
36
What is 3 + -1 + 28 + -25 - (53 - (15 - -3))?
-30
Evaluate -5 + (4 - (14 + -10 + -10)) + 33.
38
What is 51 + -4 + 2 - (35 + (-66 - -42))?
38
Calculate -2 - (-2 - 17) - (45 - (-15 - 75)).
-118
What is 2142 + -2112 - (-14 + 0)?
44
Evaluate (-24 - -22) + (6 - -19 - 14) - (-1 - 88).
98
What is 41 - (-5 + (215 + -210 - (0 - (5 + 3))))?
33
Calculate 23 + 15 + -5 + -1 - 6.
26
Calculate -10 - (1 - -4 - (34 - 23) - (82 - 106)).
-28
Calculate 28 - (54 - (21 - 7)).
-12
Evaluate 27 + 78 + -106 + (0 - 100).
-101
(-4 - (0 - -10) - -15) + -11 + (1 - 6)
-15
Calculate -1 + 39 - (-8 + (-8 - -3)) - (6 + 2).
43
Calculate -46 + -35 + 26 + (-29 - -53).
-31
What is -35 + 27 - (-2 - -57) - (-7 + 4)?
-60
What is the value of -24 + 19 + (9 - (21 + 30))?
-47
What is the value of (97 - 33) + -112 + 65?
17
Calculate -12 - -51 - 20 - -33.
52
(-11 - 3 - (-97 - -81)) + 18
20
What is (0 - 2) + 13 + 293 + -389 + 66?
-19
What is 15 - (-14 - (54 + 19 + -18 + 15))?
99
Calculate 10 - ((30 - -5) + (0 - (1 - -6))).
-18
What is (-28 + 0 - (-1064 - -1046)) + (1 - -4) - 7?
-12
Evaluate -57 - (-84 + -66 - -46).
47
What is the value of 164 - (109 + -11 + -52)?
118
What is (17 + -4 - 5) + 70 + -82 - (1 - 44)?
39
What is the value of (89 - 99 - -91) + -3?
78
What is the value of 28 + -16 - (5 + -3 - (15 + -4))?
21
Calculate -28 + (54 - (-31 + (-52 - -42))).
67
What is (965 - 932) + (-21 - -1)?
13
What is (-32 - -37) + 28 + -8 + 37?
62
Calculate -1 + -12 - (-3 + 39 + (-20 - (-34 + 15))).
-48
What is -13 - (-16 - 30 - -34) - (-7 - -1)?
5
Calculate -2 + -122 + 8475 + -8240.
111
-78 + 89 + 26 - 70
-33
Calculate (-3 - -14 - -1) + (72 - 16 - 24).
44
What is (-122 - (-72 + 28)) + 138?
60
What is the value of 72 + 30 - (23 + (5 - -12))?
62
-40 - ((14 - -1) + (-835 - -842))
-62
Calculate -18 + -34 - (5 + -3 + -6).
-48
What is (84 - (15 - -13)) + -31?
25
What is the value of -66 - (-29 + 35 - (12 - -10))?
-50
What is the value of 56 + (-12 - -11 - (2 + (-9 - -12))) + 3?
53
What is 43 + (-41 - -14) + (-4 - -7) + 3 + -8?
14
What is the value of (7 + -20 + 13 - 2) + 52 - -8?
58
What is the value of -226 + 115 + 16 + -60?
-155
7 - (-22 + (-6 + 9 - (3 - (0 - 8))))
37
Evaluate (-8 - (1 - (-26 + -12)) - -5) + (-3 - -5).
-40
Evaluate 14 - -6 - (-29 - -32 - -24).
-7
What is the value of (40 - -8) + (23 - 42 - -19) - (2 + 0)?
46
What is 19 + -36 + 2 + 25 + 1?
11
What is (-6 - 30) + (-2 - (11 + -29 + 29))?
-49
37 - (((36 - 13) + -7 - -5) + -13)
29
What is 15 - (-15 + 17 + 15 + 26)?
-28
Evaluate 52 + (95 + -85 - (-2 - -8) - 7).
49
Evaluate (-746 - -787) + (-36 - -3).
8
Calculate (-1 - (-6 - -6)) + (-10 + 6 - (24 + -29)).
0
122 - 149 - (-9 - 26)
8
Calculate 99 + (-16 - -7) + -25 - (0 - 12).
77
Calculate -9 + (22 - 2) - -45 - (-12 + 26) - 5.
37
Calculate 14 - -30 - (-6 - (-9 - (-8 + 6 + -1))).
44
What is -20 + -2 + -3467 + 3465?
-24
Evaluate 9 + 3 - (-18 + -1 + 6 - (-32 + 16)).
9
Calculate 8 - (-2 - (6 - 12 - 0)) - (790 + -76